e prime factors of 376242.
2, 3, 73, 859
What are the prime factors of 1130189?
197, 5737
What are the prime factors of 461381?
461381
What are the prime factors of 189333?
3, 109, 193
What are the prime factors of 176602?
2, 88301
List the prime factors of 16092919.
193, 83383
List the prime factors of 100197.
3, 1237
What are the prime factors of 2452348?
2, 31, 19777
What are the prime factors of 18671086?
2, 7, 1333649
What are the prime factors of 13419119?
7, 1917017
List the prime factors of 3940287.
3, 13, 71, 1423
What are the prime factors of 610276?
2, 29, 5261
What are the prime factors of 622234?
2, 17, 18301
What are the prime factors of 4974611?
61, 81551
What are the prime factors of 19179621?
3, 17, 67, 1871
List the prime factors of 462929.
61, 7589
What are the prime factors of 727993?
7, 83, 179
What are the prime factors of 38601168?
2, 3, 804191
List the prime factors of 78849.
3, 8761
What are the prime factors of 215653?
215653
What are the prime factors of 2363670?
2, 3, 5, 26263
What are the prime factors of 6943567?
6943567
List the prime factors of 147972.
2, 3, 11, 19, 59
List the prime factors of 34594242.
2, 3, 41, 140627
List the prime factors of 129221.
129221
List the prime factors of 744530.
2, 5, 74453
What are the prime factors of 231930?
2, 3, 5, 859
What are the prime factors of 5420784?
2, 3, 31, 3643
List the prime factors of 183511.
183511
List the prime factors of 99921.
3, 19, 1753
List the prime factors of 2141472.
2, 3, 22307
What are the prime factors of 90233?
11, 13, 631
List the prime factors of 397775.
5, 7, 2273
What are the prime factors of 1183761?
3, 17, 2579
List the prime factors of 216105.
3, 5, 14407
List the prime factors of 302521.
353, 857
What are the prime factors of 885293?
23, 61, 631
What are the prime factors of 539051?
23, 1019
List the prime factors of 13496137.
19, 710323
List the prime factors of 1200229.
167, 7187
What are the prime factors of 343927?
17, 20231
List the prime factors of 2074388.
2, 518597
What are the prime factors of 3629542?
2, 7, 31, 8363
What are the prime factors of 2444457?
3, 683, 1193
What are the prime factors of 26820?
2, 3, 5, 149
List the prime factors of 2298392.
2, 19, 15121
List the prime factors of 348312.
2, 3, 23, 631
What are the prime factors of 4771365?
3, 5, 31, 331
List the prime factors of 27034702.
2, 43, 314357
What are the prime factors of 1541688?
2, 3, 64237
List the prime factors of 399209.
19, 21011
What are the prime factors of 11398?
2, 41, 139
List the prime factors of 586076.
2, 146519
List the prime factors of 245833.
7, 29, 173
What are the prime factors of 222629?
11, 37, 547
List the prime factors of 7100756.
2, 13, 19, 7187
What are the prime factors of 4911458?
2, 2455729
What are the prime factors of 576526?
2, 113, 2551
List the prime factors of 12812309.
769, 16661
What are the prime factors of 115352?
2, 14419
List the prime factors of 6440657.
1031, 6247
What are the prime factors of 4992716?
2, 47, 26557
List the prime factors of 14356731.
3, 1847, 2591
What are the prime factors of 1656350?
2, 5, 157, 211
What are the prime factors of 306745?
5, 31, 1979
What are the prime factors of 3415584?
2, 3, 47, 757
List the prime factors of 2999922.
2, 3, 17, 29411
List the prime factors of 2430839.
2430839
List the prime factors of 2156266.
2, 7, 29, 47, 113
List the prime factors of 2426257.
17, 41, 59
What are the prime factors of 845454?
2, 3, 140909
List the prime factors of 4634131.
179, 25889
What are the prime factors of 11056431?
3, 3685477
List the prime factors of 59320.
2, 5, 1483
List the prime factors of 392348.
2, 11, 37, 241
List the prime factors of 177997.
23, 71, 109
List the prime factors of 252473.
13, 19421
What are the prime factors of 10982805?
3, 5, 732187
List the prime factors of 292105.
5, 11, 47, 113
List the prime factors of 227098.
2, 271, 419
What are the prime factors of 1687171?
1687171
What are the prime factors of 108344?
2, 29, 467
What are the prime factors of 3100152?
2, 3, 11, 11743
What are the prime factors of 2095355?
5, 53, 7907
What are the prime factors of 2269021?
337, 6733
List the prime factors of 232463.
7, 11, 3019
List the prime factors of 19628624.
2, 1226789
List the prime factors of 36480.
2, 3, 5, 19
What are the prime factors of 9997473?
3, 61, 54631
List the prime factors of 202411.
11, 18401
What are the prime factors of 2197463?
2197463
List the prime factors of 339709.
61, 5569
List the prime factors of 380896.
2, 11903
List the prime factors of 147307.
19, 7753
List the prime factors of 342476.
2, 85619
List the prime factors of 34982.
2, 17491
What are the prime factors of 7188452?
2, 347, 5179
What are the prime factors of 235362?
2, 3, 39227
List the prime factors of 2998529.
331, 9059
List the prime factors of 8539462.
2, 373, 11447
List the prime factors of 581489.
43, 13523
List the prime factors of 11019667.
47, 234461
What are the prime factors of 30971430?
2, 3, 5, 7, 2341
List the prime factors of 109083.
3, 13, 2797
What are the prime factors of 35455?
5, 7, 1013
List the prime factors of 19297.
23, 839
List the prime factors of 3977836.
2, 281, 3539
What are the prime factors of 1989044?
2, 497261
List the prime factors of 4202959.
4202959
List the prime factors of 15418326.
2, 3, 7, 11, 23, 1451
What are the prime factors of 997608?
2, 3, 197, 211
What are the prime factors of 733145?
5, 7, 20947
List the prime factors of 305690.
2, 5, 7, 11, 397
List the prime factors of 1745656.
2, 11, 83, 239
List the prime factors of 10221708.
2, 3, 7, 121687
What are the prime factors of 6529977?
3, 19, 4243
List the prime factors of 665105.
5, 7, 31, 613
List the prime factors of 199066.
2, 7, 59, 241
List the prime factors of 5195955.
3, 5, 346397
List the prime factors of 337670.
2, 5, 33767
List the prime factors of 6776453.
71, 95443
List the prime factors of 4769773.
61, 78193
List the prime factors of 1732540.
2, 5, 86627
List the prime factors of 9952888.
2, 11, 17, 6653
List the prime factors of 3396988.
2, 7, 121321
List the prime factors of 20821513.
59, 352907
What are the prime factors of 8066977?
8066977
List the prime factors of 684141.
3, 97, 2351
What are the prime factors of 477041?
37, 12893
What are the prime factors of 1925865?
3, 5, 42797
What are the prime factors of 23456194?
2, 281, 41737
List the prime factors of 127180.
2, 5, 6359
What are the prime factors of 70580?
2, 5, 3529
What are the prime factors of 9370492?
2, 2342623
What are the prime factors of 962863?
11, 17, 19, 271
List the prime factors of 536352.
2, 3, 37, 151
List the prime factors of 247193.
247193
List the prime factors of 94660.
2, 5, 4733
What are the prime factors of 50430?
2, 3, 5, 41
What are the prime factors of 8462664?
2, 3, 7, 29, 193
List the prime factors of 18256690.
2, 5, 61, 173
List the prime factors of 3369305.
5, 71, 9491
List the prime factors of 5613351.
3, 41, 47, 971
List the prime factors of 9034577.
9034577
What are the prime factors of 908508?
2, 3, 75709
What are the prime factors of 610672?
2, 38167
List the prime factors of 1077294.
2, 3, 179549
What are the prime factors of 196800?
2, 3, 5, 41
List the prime factors of 25431825.
3, 5, 339091
List the prime factors of 6838157.
19, 491, 733
What are the prime factors of 367420?
2, 5, 18371
What are the prime factors of 393818?
2, 223, 883
List the prime factors of 135170.
2, 5, 7, 1931
What are the prime factors of 1948041?
3, 263, 823
What are the prime factors of 3648446?
2, 349, 5227
What are the prime factors of 176867?
137, 1291
What are the prime factors of 28044459?
3, 3116051
What are the prime factors of 13428302?
2, 6714151
What are the prime factors of 23257993?
11, 2114363
List the prime factors of 1275182.
2, 41, 15551
What are the prime factors of 123153?
3, 41051
List the prime factors of 25286.
2, 47, 269
What are the prime factors of 63959?
7, 9137
List the prime factors of 10055629.
10055629
List the prime factors of 515240.
2, 5, 11, 1171
What are the prime factors of 893905?
5, 178781
List the prime factors of 947652.
2, 3, 157, 503
List the prime factors of 272006.
2, 7, 19429
List the prime factors of 661626.
2, 3, 7, 59, 89
List the prime factors of 96461.